y(-1) is divided by c?
15
Let y = 7 - -6. Calculate the remainder when (-123)/(-3) - (5 - 1) is divided by y.
11
Let w(m) = m**2 - 4*m + 6. Suppose -x = x - 12. What is the remainder when w(5) is divided by x?
5
Suppose 0 = -4*s + 11*s - 518. Calculate the remainder when s is divided by 21.
11
Let o be (-2)/7 - 425/7. What is the remainder when o/(-4) - 1/4 is divided by 8?
7
Let g be (-20)/6*3/(-2). Suppose -g*m = -m - 104. Let s(p) = 15*p**2 - 1. What is the remainder when m is divided by s(-1)?
12
Suppose -9*n + 115 = -4*n. Suppose 2*t + d - 5 = 0, t - 4*t - 20 = -4*d. Let k = t - -12. Calculate the remainder when n is divided by k.
11
Suppose 4*y - 168 = -5*t, 3*y - 137 = -0*y - t. Calculate the remainder when y is divided by 27.
20
Suppose 0 = 5*k - 26 - 19. Let j = k - 5. Suppose p = -3*s + 3*p + 40, s + 5*p = -15. Calculate the remainder when s is divided by j.
2
Suppose 2*c - 11 = -j, 5*j - 14 = -2*c + 25. Calculate the remainder when 47 is divided by j.
5
Let i(g) = g**2 - 4*g - 7. What is the remainder when i(6) is divided by 3?
2
Let g(j) = -2*j + 5. What is the remainder when 90 is divided by g(-4)?
12
Suppose -11*a = -7*a - 92. What is the remainder when a is divided by 4?
3
Suppose -3*o + 122 = -a, -o - a + 38 = -2*a. Suppose 30 + o = 4*q. What is the remainder when q is divided by 11?
7
What is the remainder when -3*1*(-1 + 236/(-3)) is divided by 30?
29
Let n = 13 + 44. Calculate the remainder when n is divided by 12.
9
Let x(g) = -3*g**3 - 3*g**2 - 3*g. Calculate the remainder when 35 is divided by x(-2).
17
Suppose -j + 59 = 2*u, 0 = -5*j + 7 - 22. What is the remainder when 92 is divided by u?
30
Let l = -22 - -28. Suppose l*s + 28 = 10*s. Let f(t) = t**2 + 4*t + 7. What is the remainder when f(-5) is divided by s?
5
Let l = 17 - -4. Let h = -13 + l. Suppose -3*v - 3*q + 84 = 0, v - 4*v + 2*q = -59. Calculate the remainder when v is divided by h.
7
Let b(p) = -4*p - 1. Calculate the remainder when b(-1) is divided by 3.
0
Suppose 2*y + 0 = 10. Suppose 5*v + 181 = 4*l, -y*l + 7*v - 4*v = -223. Calculate the remainder when l is divided by 23.
21
Let k = 19 - 12. Suppose 5*n - k*n + 8 = 0. What is the remainder when 11 is divided by n?
3
Suppose -3 = -o - 6. Let t = o + 25. Let u(d) = -d + 2. What is the remainder when t is divided by u(-6)?
6
Suppose -3*o - 103 = -5*k + o, -17 = -k + 2*o. Let j(c) = -c**2 - 6*c + 6. What is the remainder when k is divided by j(-6)?
5
Let a = 16 - 3. Calculate the remainder when 25 is divided by a.
12
Suppose 2*h = 8*n - 4*n - 216, -h = -5*n + 276. Calculate the remainder when n is divided by 21.
14
Suppose -4*q - 4 = 0, -3*d + 6*q - q + 59 = 0. What is the remainder when 51 is divided by d?
15
Suppose p = -4*b - 0*p + 167, -3*p = -2*b + 87. What is the remainder when b is divided by 11?
9
Let v be (-12)/(-7) - (-10)/35. Suppose -v*r + 0*r = 0. Suppose -4*g + 35 = -s - 24, -5*s + 25 = r. What is the remainder when 30 is divided by g?
14
Suppose -s + 5*v - 19 = 4, 0 = -4*s - 5*v + 33. Suppose 0 = q - 18 + s. What is the remainder when 46 is divided by q?
14
Suppose j = 4*r + 10, 35 = 4*j - 2*j - 5*r. Suppose h - 4 = 0, 0 = 2*c + 5*h - 2 - 40. What is the remainder when j is divided by c?
8
Let q = -17 - -37. Suppose c + 4 = 0, 3*c + 12 = -4*j - 2*c. Calculate the remainder when j is divided by q/16 + (-2)/8.
0
Let z(j) = 28*j - 3. Let p be z(5). Suppose 0 = -5*w - 27 + p. Let h = w - 11. What is the remainder when 32 is divided by h?
10
Suppose 19 + 1 = 4*j. Let w = 27 + 8. Suppose j*n = 5*k - w, 6*n = -3*k + 3*n - 9. What is the remainder when 4 is divided by k?
0
Let j(h) = h - 9. Calculate the remainder when 17 is divided by j(19).
7
Let c be (-13)/4 + (-4)/(-16). Let s be 0 - c - (0 - -1). Let k = s + 6. Calculate the remainder when 29 is divided by k.
5
Suppose 3*l = -2*l + 10. Suppose -l*k + 4 = -0*k. What is the remainder when 5 is divided by k?
1
What is the remainder when (-987)/(-2)*(-8)/(-12) is divided by 30?
29
Suppose -r - 3*p + 93 = 0, -3*r = r - 4*p - 452. Calculate the remainder when r is divided by 22.
20
Let f(x) = x**2 - x - 10. Suppose u = -5, -2*l + 33 = -3*l - 4*u. Calculate the remainder when l/(-4) + (-2)/8 is divided by f(4).
1
Let q = 28 - 2. Let m = -21 + 36. What is the remainder when q is divided by m?
11
Suppose 4*p + 4*h - 48 = 0, -3*p + 3*h = -8 + 2. Calculate the remainder when 13 is divided by p.
6
Calculate the remainder when 19/1*(-1)/(-1) is divided by 5.
4
Let w(o) = -o**3 - 7*o**2 + 4. Let n be w(-7). Suppose -5*r + 69 = 4*u, -n*r + r - 5*u + 44 = 0. Let m = -8 + r. Calculate the remainder when 9 is divided by m.
4
Let v = 2 - -1. Let g(b) = 8*b. Suppose 0 = 3*z - 7*z + 52. Calculate the remainder when g(v) is divided by z.
11
Suppose -2*x - 6 = -5*b + b, -3*b + 2 = -4*x. Suppose b*v - 2 = -0*v. Suppose -4 = -3*s + 2. Calculate the remainder when s is divided by v.
0
Suppose 3*l - 86 - 19 = 0. Suppose -8*m + 59 = -13. Calculate the remainder when l is divided by m.
8
Let t(b) = -b**3 - 4*b**2 + 2*b + 2. Let s be t(-5). Let p = s - 5. Suppose 17 = g + 2*o, 2*g + 5 = -2*o + 45. What is the remainder when g is divided by p?
11
Suppose 0 = d - 6*d + 30. Calculate the remainder when 21 is divided by d.
3
Suppose -3 = -3*d, 0*j + 2 = -3*j - d. Let c be (2 - j)/3*3. Suppose 0 = c*h - 3. What is the remainder when h is divided by 1?
0
Let q(p) = -3*p**3 - 4*p**2 - 2*p + 1. Let u be 0/2 + 0 + 2. Suppose 4*t - 3*t + u = 0. Calculate the remainder when 25 is divided by q(t).
12
Let m(c) = c**2 - 5*c - 10. Calculate the remainder when 25 is divided by m(-3).
11
Let s be (-1*(-1 + 2))/1. Let k be 2 + -2 + s + 1. Suppose -5*m + m = -16, -4*z - m + 140 = k. What is the remainder when z is divided by 18?
16
Suppose 7 = -3*j - 2*p + 263, 3*j - 262 = 4*p. What is the remainder when 26 is divided by j/10 + (-12)/(-30)?
8
Calculate the remainder when 9 is divided by (-5 - -5)/(-4) + 3 + 2.
4
Suppose 0 = -2*a, 0*d + 3*a + 15 = 3*d. Let q = -12 - -14. What is the remainder when d is divided by q?
1
Let w(o) = -o - 11. Let q be w(-6). Let y = q - -21. Calculate the remainder when 47 is divided by y.
15
Let y(w) = 2*w. Let h(v) = -2*v - 6. Let n be h(-5). Let c = 0 - -15. Calculate the remainder when c is divided by y(n).
7
Suppose 0 = 5*p - 2*i - 90, -98 = -3*p - 2*i - 28. What is the remainder when p is divided by 7?
6
Let m = -3 - -6. Suppose 0 = -m*a + 6*a - 9. What is the remainder when 13 is divided by a?
1
Let y be (-3 + 3)/(-2)*1. Suppose y*b + 22 = 2*b. What is the remainder when b is divided by 6?
5
Let h = 46 + -40. Calculate the remainder when 18 is divided by h.
0
Suppose 0 = -2*v - v. Suppose -4*r + 56 = -r - 2*d, 8 = -2*d. Calculate the remainder when -1*((v - 1) + -45) is divided by r.
14
Let i(q) = 40*q**2 - 3*q - 1. Let x be i(3). Suppose 0 = 5*m - x + 40. Let u = 20 + -4. Calculate the remainder when m is divided by u.
14
Suppose 5*p + 90 = 5*x, 0 = -2*x - 3*p + 11 - 0. Suppose a - 34 = -10. Calculate the remainder when a is divided by x.
11
Let o be 2/3 - (-416)/6. Suppose n + 4*n - o = 0. What is the remainder when n is divided by 8?
6
Let x = -25 + 31. Suppose 2*f - 2*p - 28 = -p, -64 = -4*f - 2*p. Calculate the remainder when f is divided by x.
3
Suppose 2*a + s = 26, 4*a + s - 48 = -2*s. Suppose f - a = -11. Calculate the remainder when 6 is divided by f.
2
Let h(l) = l**3 - 7*l**2 + 6*l - 2. Let u be h(4). Let m = 5 - u. Calculate the remainder when m is divided by 11.
9
Suppose 4*b + 4*q + 8 = 8*b, 5*b - q + 10 = 0. Calculate the remainder when ((-29)/(-3))/((-1)/b) is divided by 10.
9
Let i(b) = -2*b - 23. What is the remainder when i(-12) is divided by -2 + (0/(-2) - -3)?
0
Let r(l) = 4*l**2 - 16*l - 4. What is the remainder when 29 is divided by r(5)?
13
Suppose t + 5*x = 32, -2*x + 99 = 5*t + 8. Calculate the remainder when t is divided by 7.
3
Suppose -36 = -2*s + 3*x + 19, 3*s - 89 = -2*x. Calculate the remainder when 113 is divided by s.
26
Let r(s) = -16*s. Let c(t) = t**3 - 3*t**2 + t. Let v be c(3). Suppose 0 = -4*a + g + 2 - 3, 3*a + v*g = -12. What is the remainder when r(a) is divided by 9?
7
Let w(x) = x**3 + 8*x**2 - 4*x - 7. Let f = -18 + 10. Calculate the remainder when w(f) is divided by 7.
4
Let c(t) = -t**2 + 3*t + 2. Let q be c(